?
0
In base 16, what is 275 - -1?
276
In base 13, what is -607 + 8?
-5cc
In base 11, what is -234 + 38?
-1a7
In base 10, what is 0 + 1001?
1001
In base 16, what is -901 - -4?
-8fd
In base 7, what is -4 + 1455?
1451
In base 16, what is -d + 1?
-c
In base 11, what is 4 - 1403?
-13aa
In base 11, what is 37 - 14?
23
In base 7, what is -3 - 15546?
-15552
In base 8, what is 51 + -317?
-246
In base 2, what is 100101 + -100?
100001
In base 5, what is -440 - -23?
-412
In base 7, what is -50 - 134?
-214
In base 3, what is 10020 - -1?
10021
In base 11, what is 6 + 3?
9
In base 8, what is 3 + 752?
755
In base 14, what is -1 + -29ba?
-29bb
In base 15, what is 155 + 0?
155
In base 2, what is -100 + -110?
-1010
In base 12, what is 4 - -218?
220
In base 9, what is 30 - -1?
31
In base 14, what is -18 + 25?
b
In base 15, what is -1b - -c1?
a5
In base 10, what is -1 - -145?
144
In base 3, what is 122 + -11?
111
In base 14, what is 82 + 10?
92
In base 8, what is -4 + -311?
-315
In base 14, what is -d + -42?
-51
In base 7, what is -1 + 341?
340
In base 12, what is -4 + -164b?
-1653
In base 2, what is 1011001 + -101?
1010100
In base 4, what is -3302 - -30?
-3212
In base 10, what is 1 - 225?
-224
In base 11, what is -283 + -3?
-286
In base 5, what is 4 + -41333?
-41324
In base 8, what is 0 - 336?
-336
In base 8, what is 7 + 371?
400
In base 11, what is 6 - 187?
-181
In base 14, what is b1 - 2?
ad
In base 6, what is 1500 - -4?
1504
In base 13, what is 5 + 7?
c
In base 3, what is 2 - 1022?
-1020
In base 10, what is -39 - 408?
-447
In base 15, what is 3 - -21c?
220
In base 3, what is 11122121 - -1?
11122122
In base 12, what is -91 - -46?
-47
In base 12, what is -1 + -775?
-776
In base 16, what is -718 - 4?
-71c
In base 7, what is -13 + 3411?
3365
In base 14, what is 25 + -5?
20
In base 14, what is -33 + 198?
165
In base 16, what is -4 + 98?
94
In base 5, what is -444330 + -4?
-444334
In base 6, what is 1 - -1503?
1504
In base 16, what is -5b1 + 3?
-5ae
In base 9, what is 1375 - 4?
1371
In base 12, what is 131 + 1?
132
In base 16, what is -9 + 68?
5f
In base 10, what is -114 + 4?
-110
In base 4, what is 102 + 3132?
3300
In base 12, what is 5 + 25?
2a
In base 8, what is 2 + 17?
21
In base 9, what is 156 + 10?
166
In base 13, what is -3a - -5?
-35
In base 6, what is -14 - -2125?
2111
In base 7, what is 1231 - -4?
1235
In base 15, what is 5e - 5?
59
In base 6, what is -4 - -502?
454
In base 8, what is -3 + -174?
-177
In base 11, what is 63 + 4?
67
In base 4, what is -10022 - -20?
-10002
In base 7, what is -115 - 206?
-324
In base 15, what is -79 - 4?
-7d
In base 6, what is 301401 + 3?
301404
In base 14, what is -7 - -1d?
16
In base 9, what is 1740 - 5?
1734
In base 10, what is -3 + 349?
346
In base 10, what is 48 + -5?
43
In base 9, what is -605 - 3?
-608
In base 6, what is -4 + 323?
315
In base 11, what is -4 + 56?
52
In base 15, what is -98 - 2?
-9a
In base 6, what is 4 + -123?
-115
In base 11, what is 16 + 2a?
45
In base 11, what is -a8a + 2?
-a88
In base 11, what is 67 + 3?
6a
In base 16, what is -d + -2?
-f
In base 14, what is -3b + -48?
-85
In base 3, what is 1021 - 11?
1010
In base 6, what is 345 - 5?
340
In base 5, what is -100 - -110?
10
In base 6, what is 23 - -5?
32
In base 15, what is -7 + -b?
-13
In base 9, what is 10145 + -4?
10141
In base 5, what is 4 - 1014?
-1010
In base 3, what is 1022 - -11010?
12102
In base 14, what is 4 - -39?
3d
In base 15, what is -5 - aee?
-b04
In base 8, what is 6 - -201?
207
In base 10, what is -7 - -108?
101
In base 13, what is -391 - 2?
-393
In base 16, what is -11 + -7?
-18
In base 2, what is 1101 - -1?
1110
In base 9, what is -7082 - 4?
-7086
In base 2, what is 1 - 1111?
-1110
In base 2, what is -11 - 1010000110?
-1010001001
In base 11, what is -3375 - 5?
-337a
In base 12, what is 18 - -28b?
2a7
In base 9, what is 11 + 3?
14
In base 2, what is -110 - -1111110?
1111000
In base 2, what is 1011110001 + 10?
1011110011
In base 13, what is 5 + 496?
49b
In base 13, what is -5 - -a?
5
In base 5, what is 2313 + 2?
2320
In base 16, what is 27 - 11?
16
In base 15, what is -2 + -9?
-b
In base 9, what is 0 - 53?
-53
In base 9, what is 0 + -401?
-401
In base 4, what is -1130 + -233?
-2023
In base 11, what is -3488 - -1?
-3487
In base 2, what is -11010100 - 1?
-11010101
In base 4, what is 2333 - 1?
2332
In base 11, what is -22 - -35?
13
In base 3, what is 11 + -2010?
-1222
In base 8, what is -5 - -132?
125
In base 9, what is -4 - 3651?
-3655
In base 12, what is 4 + -10?
-8
In base 12, what is -21 - -2?
-1b
In base 6, what is 424 + 4?
432
In base 4, what is -3 + 11332?
11323
In base 12, what is -2ba + -10?
-30a
In base 7, what is -46 - 21?
-100
In base 9, what is -4 + 180?
175
In base 9, what is 748 + 8?
757
In base 12, what is 8 + -4?
4
In base 14, what is -27 + 7?
-20
In base 5, what is 43402 - 10?
43342
In base 12, what is 3 + 31?
34
In base 3, what is 1 + 20221010?
20221011
In base 2, what is -110 - 11011?
-100001
In base 2, what is 110000110010 - 100?
110000101110
In base 14, what is -7 - 11?
-18
In base 12, what is 4 + 96?
9a
In base 7, what is -654 + 4?
-650
In base 6, what is -2 + -35?
-41
In base 7, what is -2 + 641?
636
In base 11, what is 15 - 3?
12
In base 9, what is 101 - -13?
114
In base 9, what is -1 - 5886?
-5887
In base 11, what is 3497 - -4?
34a0
In base 7, what is -3 + 13602?
13566
In base 8, what is -10 + 77?
67
In base 3, what is -211 + 2102?
1121
In base 16, what is -a + f0?
e6
In base 5, what is 1 + -31444?
-31443
In base 6, what is -1011 + 5?
-1002
In base 14, what is -2950 + 3?
-294b
In base 10, what is 6 + 95?
101
In base 8, what is 566 - 26?
540
In base 6, what is -42 + -200?
-242
In base 2, what is -101100001001 + -11?
-101100001100
In base 13, what is 269 + 23?
28c
In base 13, what is 88 + -18?
70
In base 5, what is -1241 + -1?
-1242
In base 7, what is 4 - 3?
1
In base 7, what is 2 - -21?
23
In base 2, what is -11000011 - 100?
-11000111
In base 8, what is 2 + -467?
-465
In base 13, what is 12 + 1175?
1187
In base 12, what is -1b3 + 1?
-1b2
In base 6, what is 135 - -233?
412
In base 6, what is -154515 + -5?
-154524
In base 2, what is -110001010100 + 11?
-110001010001
In base 11, what is -61 - -4?
-58
In base 14, what is -32 + 1?
-31
In base 5, what is -43 - -10241?
10143
In base 8, what is 3 + -104?
-101
In base 14, what is -4 + -122?
-126
In base 12, what is 74 + -21?
53
In base 2, what is -110011111 + -1?
-110100000
In base 13, what is 7 + 746?
750
In base 13, what is -3 - -251?
24b
In base 15, what is 3208 + 1?
3209
In base 10, what is 69 + -5?
64
In base 12, what is -3 + -4a5?
-4a8
In base 6, what is -4 + 40?
32
In base 7, what is -11 + -124?
-135
In base 8, what is 1 + 26?
27
In base 2, what is 10010001 - 1?
10010000
In base 11, what is 1a9 - -5?
203
In base 11, what is 5a7 - -5?
601
In base 9, what is 2 + -77?
-75
In base 3, what is -211 + 2?
-202
In base 5, what is -122 + -41?
-213
In base 2, what is -10111110 + 100?
-10111010
In base 16, what is -2e + -5e?
-8c
In base 4, what is 10 + 10?
20
In base 6, what is -432 - 0?
-432
In base 16, what is -8 - 2?
-a
In base 11, what is -3892 - -3?
-388a
In base 7, what is -464 - -130?
-334
In base 6, what is 3353 + 3?
3400
In base 16, what is -1c3 + 2?
-1c1
In base 12, what is -2 + 40?
3a
In base 4, what is -2101 + 13?
-2022
In base 5, what is -10321 + 4?
-10312
In base 13, what is -b9 - 4?
-c0
In base 9, what is 1012 + -3?
1008
In base 3, what is 2022 - 12121?
-10022
In base 8, what is 6 + 5140?
5146
In base 13, what is 18 + 1a?
35
In base 12, what is 8 - -410?
418
In base 16, what is 57 - 0?
57
In base 11, what is 229 + -3?
226
In base 5, what is -22401 - -12?
-22334
In base 3, what is 1010 + -12122?
-11112
In base 9, what is 710 - 5?
704
In base 10, what is 106 + 6?
112
In base 12, what is 9 - 38?
-2b
In base 11, what is 10856 - 3?
10853
In base 10, what is 5 + 36?
41
In base 16, what is 5 - 4c?
-47
In base 8, what is -4 + -110?
-114
In base 16, what is -3 + -371?
-374
In base 3, what is -1 - 2?
-10
In base 2, what is 110010101 - -1?
110010110
In base 7, what is 3 - 13634?
-13631
In base 7, what is -366 - -3?
-363
In base 5, what is -11 + -1033?
-1044
In base 16, what is df2 + -3?
def
In base 15, what is -e3c - -6?
-e36
In base 9, what is -36 + 0?
-36
In base 3